{"id":224,"date":"2023-01-31T18:07:36","date_gmt":"2023-01-31T17:07:36","guid":{"rendered":"https:\/\/www.hallboif.se\/?page_id=224"},"modified":"2023-09-26T09:09:43","modified_gmt":"2023-09-26T07:09:43","slug":"foreningsklader","status":"publish","type":"page","link":"https:\/\/www.hallboif.se\/?page_id=224","title":{"rendered":"F\u00f6reningskl\u00e4der"},"content":{"rendered":"\n<p>Du vet v\u00e4l att du kan best\u00e4lla v\u00e5ra fina f\u00f6reningskl\u00e4der sj\u00e4lv direkt fr\u00e5n Intersport? Overaller, shorts, t-shirt, m\u00f6ssor, ryggs\u00e4ckar, allt och lite till finns&#8230;.<br><a rel=\"noreferrer noopener\" href=\"https:\/\/team.intersport.se\/hallbo-if\" target=\"_blank\">https:\/\/team.intersport.se\/hallbo-if<\/a><\/p>\n\n\n<div class=\"wp-block-image\">\n<figure class=\"alignleft size-full\"><img loading=\"lazy\" decoding=\"async\" width=\"238\" height=\"257\" src=\"https:\/\/www.hallboif.se\/wp-content\/uploads\/2023\/01\/overall.png\" alt=\"\" class=\"wp-image-226\"\/><\/figure>\n<\/div>\n\n\n<figure class=\"wp-block-image size-full\"><img loading=\"lazy\" decoding=\"async\" width=\"222\" height=\"249\" src=\"https:\/\/www.hallboif.se\/wp-content\/uploads\/2023\/01\/jacka.png\" alt=\"\" class=\"wp-image-225\"\/><\/figure>\n\n\n\n<p>\u00c4r du dessutom medlem p\u00e5 Intersport f\u00e5r du f\u00f6rm\u00e5nligare priser. Och kom ih\u00e5g att v\u00e4lja H\u00e4llbo IF som f\u00f6rening f\u00f6r ditt klubbst\u00f6d <a rel=\"noreferrer noopener\" href=\"https:\/\/team.intersport.se\/stotta\/\" target=\"_blank\">https:\/\/team.intersport.se\/stotta\/<\/a> s\u00e5 tj\u00e4nar b\u00e5de du och f\u00f6reningen p\u00e5 din ink\u00f6p&#8230;<\/p>\n","protected":false},"excerpt":{"rendered":"<p>Du vet v\u00e4l att du kan best\u00e4lla v\u00e5ra fina f\u00f6reningskl\u00e4der sj\u00e4lv direkt fr\u00e5n Intersport? Overaller, shorts, t-shirt, m\u00f6ssor, ryggs\u00e4ckar, allt och lite till finns&#8230;.https:\/\/team.intersport.se\/hallbo-if \u00c4r du dessutom medlem p\u00e5 Intersport <a class=\"more-link\" href=\"https:\/\/www.hallboif.se\/?page_id=224\">Continue Reading &rarr;<\/a><\/p>\n","protected":false},"author":2,"featured_media":0,"parent":0,"menu_order":0,"comment_status":"closed","ping_status":"closed","template":"","meta":{"footnotes":""},"class_list":["post-224","page","type-page","status-publish","hentry"],"jetpack_sharing_enabled":true,"_links":{"self":[{"href":"https:\/\/www.hallboif.se\/index.php?rest_route=\/wp\/v2\/pages\/224","targetHints":{"allow":["GET"]}}],"collection":[{"href":"https:\/\/www.hallboif.se\/index.php?rest_route=\/wp\/v2\/pages"}],"about":[{"href":"https:\/\/www.hallboif.se\/index.php?rest_route=\/wp\/v2\/types\/page"}],"author":[{"embeddable":true,"href":"https:\/\/www.hallboif.se\/index.php?rest_route=\/wp\/v2\/users\/2"}],"replies":[{"embeddable":true,"href":"https:\/\/www.hallboif.se\/index.php?rest_route=%2Fwp%2Fv2%2Fcomments&post=224"}],"version-history":[{"count":2,"href":"https:\/\/www.hallboif.se\/index.php?rest_route=\/wp\/v2\/pages\/224\/revisions"}],"predecessor-version":[{"id":445,"href":"https:\/\/www.hallboif.se\/index.php?rest_route=\/wp\/v2\/pages\/224\/revisions\/445"}],"wp:attachment":[{"href":"https:\/\/www.hallboif.se\/index.php?rest_route=%2Fwp%2Fv2%2Fmedia&parent=224"}],"curies":[{"name":"wp","href":"https:\/\/api.w.org\/{rel}","templated":true}]}}