{"id":273,"date":"2023-03-27T19:07:04","date_gmt":"2023-03-27T17:07:04","guid":{"rendered":"https:\/\/www.hallboif.se\/?page_id=273"},"modified":"2023-04-19T09:18:10","modified_gmt":"2023-04-19T07:18:10","slug":"sponsorhuset","status":"publish","type":"page","link":"https:\/\/www.hallboif.se\/?page_id=273","title":{"rendered":"Sponsorhuset"},"content":{"rendered":"\n<p><p>Nu finns H\u00e4llbo IF anslutna till Sponsorhuset. Det \u00e4r ett otroligt enkelt s\u00e4tt att st\u00f6tta H\u00e4llbo IF n\u00e4r du handlar eller bokar hotell p\u00e5 n\u00e4tet. G\u00e5r du till butiken (finns \u00f6ver 600 st) via Sponsorhuset s\u00e5 f\u00e5r b\u00e5de du sj\u00e4lv och H\u00e4llbo IF pengar tillbaka. Inget blir dyrare f\u00f6r dig som handlar. Genom att b\u00f6rja anv\u00e4nda Sponsorhuset och g\u00e5 igenom deras bonusstege s\u00e5 f\u00e5r du en Biobiljett och st\u00f6djer H\u00e4llbo IF med hela 50 kr. OBS! T\u00e4nk p\u00e5 att du som handlar eller bokar hotell via f\u00f6retaget nu kan g\u00f6ra detta via Sponsorhuset. Kom ig\u00e5ng h\u00e4r och tipsa g\u00e4rna era v\u00e4nner&#8230;<\/p>\n<iframe loading=\"lazy\" src=\"https:\/\/banner.sponsorhuset.se\/sponsorhuset\/4754\/120x120\" scrolling=\"no\" frameborder=\"0\" width=\"120\" height=\"120\"><\/iframe><\/p>\n\n\n\n<p><a href=\"https:\/\/www.sponsorhuset.se\/hallboif\/intro\" target=\"_blank\" rel=\"noreferrer noopener\">https:\/\/www.sponsorhuset.se\/hallboif\/intro<\/a><\/p>\n\n\n\n<p><strong>Spelar du p\u00e5 Svenska Spel &#8211; ett extraklick kan vara v\u00e4rt mycket f\u00f6r H\u00e4llbo IF!<\/strong><\/p>\n\n\n\n<p>M\u00e5nga av er har era spelkort kopplade till oss, det tackar vi f\u00f6r!<\/p>\n\n\n\n<p>H\u00e4r kommer ett s\u00e4tt hur du kan ge upp till 2,5% av alla dina spel till H\u00e4llbo IF, ut\u00f6ver din koppling via Gr\u00e4sroten. L\u00e4r dig att alltid g\u00e5 via Sponsorhuset n\u00e4r du ska l\u00e4gga ett spel. Genom att du klickar dig vidare d\u00e4rifr\u00e5n g\u00e5r automatiskt upp till 2,5% till H\u00e4llbo IF f\u00f6r alla dina spel! Spara l\u00e4nken och sprid den till flera! <strong>Tack<\/strong><\/p>\n\n\n\n<p><a href=\"http:\/\/www.sponsorhuset.se\/hallboif\/butik\/svenskaspel\" target=\"_blank\" rel=\"noreferrer noopener\">http:\/\/www.sponsorhuset.se\/hallboif\/butik\/svenskaspel<\/a><\/p>\n","protected":false},"excerpt":{"rendered":"<p>Nu finns H\u00e4llbo IF anslutna till Sponsorhuset. Det \u00e4r ett otroligt enkelt s\u00e4tt att st\u00f6tta H\u00e4llbo IF n\u00e4r du handlar eller bokar hotell p\u00e5 n\u00e4tet. G\u00e5r du till butiken (finns <a class=\"more-link\" href=\"https:\/\/www.hallboif.se\/?page_id=273\">Continue Reading &rarr;<\/a><\/p>\n","protected":false},"author":2,"featured_media":0,"parent":0,"menu_order":0,"comment_status":"closed","ping_status":"closed","template":"","meta":{"footnotes":""},"class_list":["post-273","page","type-page","status-publish","hentry"],"jetpack_sharing_enabled":true,"_links":{"self":[{"href":"https:\/\/www.hallboif.se\/index.php?rest_route=\/wp\/v2\/pages\/273","targetHints":{"allow":["GET"]}}],"collection":[{"href":"https:\/\/www.hallboif.se\/index.php?rest_route=\/wp\/v2\/pages"}],"about":[{"href":"https:\/\/www.hallboif.se\/index.php?rest_route=\/wp\/v2\/types\/page"}],"author":[{"embeddable":true,"href":"https:\/\/www.hallboif.se\/index.php?rest_route=\/wp\/v2\/users\/2"}],"replies":[{"embeddable":true,"href":"https:\/\/www.hallboif.se\/index.php?rest_route=%2Fwp%2Fv2%2Fcomments&post=273"}],"version-history":[{"count":3,"href":"https:\/\/www.hallboif.se\/index.php?rest_route=\/wp\/v2\/pages\/273\/revisions"}],"predecessor-version":[{"id":318,"href":"https:\/\/www.hallboif.se\/index.php?rest_route=\/wp\/v2\/pages\/273\/revisions\/318"}],"wp:attachment":[{"href":"https:\/\/www.hallboif.se\/index.php?rest_route=%2Fwp%2Fv2%2Fmedia&parent=273"}],"curies":[{"name":"wp","href":"https:\/\/api.w.org\/{rel}","templated":true}]}}