{"id":35,"date":"2023-01-02T12:29:19","date_gmt":"2023-01-02T11:29:19","guid":{"rendered":"http:\/\/www.hallboif.se\/?page_id=35"},"modified":"2025-02-15T10:16:07","modified_gmt":"2025-02-15T09:16:07","slug":"var-anlaggning","status":"publish","type":"page","link":"https:\/\/www.hallboif.se\/?page_id=35","title":{"rendered":"Anl\u00e4ggning"},"content":{"rendered":"\n<p>All bokning sker via v\u00e5r vaktm\u00e4stare&nbsp;J\u00f6rgen Bergsten,&nbsp;<a href=\"tel:+46760281032\">telefon 076-028 10 32<\/a> <br>(G\u00e4rna p\u00e5 dagtid, M\u00e5ndag &#8211; Fredag 8 &#8211; 17. Annars kan det dr\u00f6ja till dagen efter f\u00f6r svar\/besked).<br>Boka sj\u00e4lv? Du kan boka sj\u00e4lv via formul\u00e4r som du finner <a href=\"https:\/\/www.hallboif.se\/?page_id=760\">h\u00e4r<\/a> <\/p>\n\n\n\n<div class=\"wp-block-media-text alignwide is-stacked-on-mobile\" style=\"grid-template-columns:43% auto\"><figure class=\"wp-block-media-text__media\"><img loading=\"lazy\" decoding=\"async\" width=\"600\" height=\"330\" src=\"https:\/\/www.hallboif.se\/wp-content\/uploads\/2023\/01\/IMG_1286.jpg\" alt=\"\" class=\"wp-image-123 size-full\" srcset=\"https:\/\/www.hallboif.se\/wp-content\/uploads\/2023\/01\/IMG_1286.jpg 600w, https:\/\/www.hallboif.se\/wp-content\/uploads\/2023\/01\/IMG_1286-300x165.jpg 300w\" sizes=\"auto, (max-width: 600px) 100vw, 600px\" \/><\/figure><div class=\"wp-block-media-text__content\">\n<h2 class=\"wp-block-heading\">Klubbstugan<\/h2>\n\n\n\n<p>V\u00e5r fina klubbstuga \u00e4r \u00f6ppen och uppv\u00e4rmd \u00e5ret om. Passar bra f\u00f6r dopfika, sl\u00e4kttr\u00e4ff eller andra festligheter.<br>\u00d6verv\u00e5ningen har plats f\u00f6r drygt 60 sittande g\u00e4ster, wifi och projektor finns och fika kan ordnas om man hyr f\u00f6r konferens.<br>K\u00e4llaren \u00e4r nyrenoverad med plats b\u00e5de f\u00f6r dans och en pingismatch. Bastu, fotbollsplan och omkl\u00e4dningsrum \u00e4r ocks\u00e5 \u00f6ppet f\u00f6r bokning<\/p>\n\n\n\n<p><\/p>\n<\/div><\/div>\n\n\n\n<div class=\"wp-block-media-text alignwide has-media-on-the-right is-stacked-on-mobile\" style=\"grid-template-columns:auto 46%\"><div class=\"wp-block-media-text__content\">\n<h2 class=\"wp-block-heading\">Priser<\/h2>\n\n\n\n<p><strong>Medlem Icke medlem<\/strong><br>Hela stugan dygn<br>800 kr (medlem) 1000 kr (icke medlem)<br>\u00d6verv\u00e5ning dag (m\u00f6ten dopfika mm)<br>400 kr (medlem) 500 kr (icke medlem)<br><br><strong>St\u00e4dning kan bokas, pris efter \u00f6verenskommelse<\/strong>.<\/p>\n<\/div><figure class=\"wp-block-media-text__media\"><img loading=\"lazy\" decoding=\"async\" width=\"900\" height=\"537\" src=\"https:\/\/www.hallboif.se\/wp-content\/uploads\/2023\/01\/kallaren.jpg\" alt=\"\" class=\"wp-image-200 size-full\" srcset=\"https:\/\/www.hallboif.se\/wp-content\/uploads\/2023\/01\/kallaren.jpg 900w, https:\/\/www.hallboif.se\/wp-content\/uploads\/2023\/01\/kallaren-300x179.jpg 300w, https:\/\/www.hallboif.se\/wp-content\/uploads\/2023\/01\/kallaren-768x458.jpg 768w\" sizes=\"auto, (max-width: 900px) 100vw, 900px\" \/><\/figure><\/div>\n\n\n\n<p><\/p>\n\n\n\n<div class=\"wp-block-media-text alignwide is-stacked-on-mobile\"><figure class=\"wp-block-media-text__media\"><img loading=\"lazy\" decoding=\"async\" width=\"1024\" height=\"485\" src=\"https:\/\/www.hallboif.se\/wp-content\/uploads\/2023\/01\/isbanan-1-1024x485.jpg\" alt=\"\" class=\"wp-image-124 size-full\" srcset=\"https:\/\/www.hallboif.se\/wp-content\/uploads\/2023\/01\/isbanan-1-1024x485.jpg 1024w, https:\/\/www.hallboif.se\/wp-content\/uploads\/2023\/01\/isbanan-1-300x142.jpg 300w, https:\/\/www.hallboif.se\/wp-content\/uploads\/2023\/01\/isbanan-1-768x364.jpg 768w, https:\/\/www.hallboif.se\/wp-content\/uploads\/2023\/01\/isbanan-1.jpg 1080w\" sizes=\"auto, (max-width: 1024px) 100vw, 1024px\" \/><\/figure><div class=\"wp-block-media-text__content\">\n<h2 class=\"wp-block-heading\">Isbana<\/h2>\n\n\n\n<p>N\u00e4r v\u00e4dret till\u00e5ter har vi v\u00e5r isbana uppspolad vintertid. Det finns ocks\u00e5 belysning s\u00e5 det g\u00e5r ocks\u00e5 bra att \u00e5ka p\u00e5 kv\u00e4llen. <\/p>\n<\/div><\/div>\n\n\n\n<div class=\"wp-block-media-text alignwide has-media-on-the-right is-stacked-on-mobile\" style=\"grid-template-columns:auto 45%\"><div class=\"wp-block-media-text__content\">\n<h2 class=\"wp-block-heading\">Hyra t\u00e4lt och bord<\/h2>\n\n\n\n<p>Vi har tv\u00e5 t\u00e4lt 6&#215;10 meter och 3&#215;9 meter samt tio uppf\u00e4llbara plast bord med plats f\u00f6r ca 8 personer.<br>Priser efter \u00f6verenskommelse<\/p>\n<\/div><figure class=\"wp-block-media-text__media\"><img loading=\"lazy\" decoding=\"async\" width=\"800\" height=\"800\" src=\"https:\/\/www.hallboif.se\/wp-content\/uploads\/2023\/01\/7100914A.jpg\" alt=\"\" class=\"wp-image-133 size-full\" srcset=\"https:\/\/www.hallboif.se\/wp-content\/uploads\/2023\/01\/7100914A.jpg 800w, https:\/\/www.hallboif.se\/wp-content\/uploads\/2023\/01\/7100914A-300x300.jpg 300w, https:\/\/www.hallboif.se\/wp-content\/uploads\/2023\/01\/7100914A-150x150.jpg 150w, https:\/\/www.hallboif.se\/wp-content\/uploads\/2023\/01\/7100914A-768x768.jpg 768w\" sizes=\"auto, (max-width: 800px) 100vw, 800px\" \/><\/figure><\/div>\n\n\n\n<div class=\"wp-block-media-text alignwide is-stacked-on-mobile\"><figure class=\"wp-block-media-text__media\"><img loading=\"lazy\" decoding=\"async\" width=\"600\" height=\"315\" src=\"https:\/\/www.hallboif.se\/wp-content\/uploads\/2023\/01\/planen.jpg\" alt=\"\" class=\"wp-image-134 size-full\" srcset=\"https:\/\/www.hallboif.se\/wp-content\/uploads\/2023\/01\/planen.jpg 600w, https:\/\/www.hallboif.se\/wp-content\/uploads\/2023\/01\/planen-300x158.jpg 300w\" sizes=\"auto, (max-width: 600px) 100vw, 600px\" \/><\/figure><div class=\"wp-block-media-text__content\">\n<h2 class=\"wp-block-heading\">Fotbollsplan, omkl\u00e4dning och bastu<\/h2>\n\n\n\n<p>Pris efter \u00f6verenskommelse<\/p>\n<\/div><\/div>\n\n\n\n<div class=\"wp-block-columns is-layout-flex wp-container-core-columns-is-layout-9d6595d7 wp-block-columns-is-layout-flex\">\n<div class=\"wp-block-column is-layout-flow wp-block-column-is-layout-flow\" style=\"flex-basis:50%\">\n<h2 class=\"wp-block-heading\">Tv\u00e4ttstuga<\/h2>\n\n\n\n<p>Uppdaterat 15\/2 2025<br>Den stora tv\u00e4ttmaskinen som klarar mattv\u00e4tt \u00e4r trasig och kommer inte att repareras.<br>&#8221;Vi&#8221; letar efter en ers\u00e4ttnings-maskin, men tills vidare s\u00e5 har vi bara den mindre (5 kilos) maskinen att tillg\u00e5.<\/p>\n\n\n\n<p>Om du vet n\u00e5gon som ev. kan ha en ers\u00e4ttnings-maskin s\u00e5 f\u00e5r du g\u00e4rna h\u00f6ra av dig. Helst via e-post<br>hallboif@gmail.com <br><br>Det finns en mindre tv\u00e4ttmaskin (5 kg)<br>och torktumlare.<br>M\u00f6jlighet till torkning b\u00e5de ute och inne.<br>Kom ih\u00e5g att boka tid med J\u00f6rgen. Alternativt s\u00e5 bokar ni via Bokningsformul\u00e4r i menyn till h\u00f6ger p\u00e5 sidan. Sj\u00e4lvklart kan ni fortfarande boka via telefon\/SMS, under dagtid alla vardagar (via SMS dygnet runt) s\u00e5 svarar vi s\u00e5 snart som m\u00f6jligt.<br>Pris 60 kr\/h<\/p>\n\n\n<\/div>\n<\/div>\n","protected":false},"excerpt":{"rendered":"<p>All bokning sker via v\u00e5r vaktm\u00e4stare&nbsp;J\u00f6rgen Bergsten,&nbsp;telefon 076-028 10 32 (G\u00e4rna p\u00e5 dagtid, M\u00e5ndag &#8211; Fredag 8 &#8211; 17. Annars kan det dr\u00f6ja till dagen efter f\u00f6r svar\/besked).Boka sj\u00e4lv? Du <a class=\"more-link\" href=\"https:\/\/www.hallboif.se\/?page_id=35\">Continue Reading &rarr;<\/a><\/p>\n","protected":false},"author":2,"featured_media":0,"parent":0,"menu_order":0,"comment_status":"closed","ping_status":"closed","template":"","meta":{"footnotes":""},"class_list":["post-35","page","type-page","status-publish","hentry"],"jetpack_sharing_enabled":true,"_links":{"self":[{"href":"https:\/\/www.hallboif.se\/index.php?rest_route=\/wp\/v2\/pages\/35","targetHints":{"allow":["GET"]}}],"collection":[{"href":"https:\/\/www.hallboif.se\/index.php?rest_route=\/wp\/v2\/pages"}],"about":[{"href":"https:\/\/www.hallboif.se\/index.php?rest_route=\/wp\/v2\/types\/page"}],"author":[{"embeddable":true,"href":"https:\/\/www.hallboif.se\/index.php?rest_route=\/wp\/v2\/users\/2"}],"replies":[{"embeddable":true,"href":"https:\/\/www.hallboif.se\/index.php?rest_route=%2Fwp%2Fv2%2Fcomments&post=35"}],"version-history":[{"count":17,"href":"https:\/\/www.hallboif.se\/index.php?rest_route=\/wp\/v2\/pages\/35\/revisions"}],"predecessor-version":[{"id":830,"href":"https:\/\/www.hallboif.se\/index.php?rest_route=\/wp\/v2\/pages\/35\/revisions\/830"}],"wp:attachment":[{"href":"https:\/\/www.hallboif.se\/index.php?rest_route=%2Fwp%2Fv2%2Fmedia&parent=35"}],"curies":[{"name":"wp","href":"https:\/\/api.w.org\/{rel}","templated":true}]}}

Anläggning

<p>All bokning sker via vår vaktmästare&nbsp;Jörgen Bergsten,&nbsp;<a href="tel:+46760281032">telefon 076-028 10 32</a> <br>(Gärna på dagtid, Måndag &#8211; Fredag 8 &#8211; 17. Annars kan det dröja till dagen efter för svar/besked).<br>Boka själv? Du kan boka själv via formulär som du finner <a href="https://www.hallboif.se/?page_id=760">här</a> </p>



<div class="wp-block-media-text alignwide is-stacked-on-mobile" style="grid-template-columns:43% auto"><figure class="wp-block-media-text__media"><img loading="lazy" decoding="async" width="600" height="330" src="https://www.hallboif.se/wp-content/uploads/2023/01/IMG_1286.jpg" alt="" class="wp-image-123 size-full" srcset="https://www.hallboif.se/wp-content/uploads/2023/01/IMG_1286.jpg 600w, https://www.hallboif.se/wp-content/uploads/2023/01/IMG_1286-300x165.jpg 300w" sizes="auto, (max-width: 600px) 100vw, 600px" /></figure><div class="wp-block-media-text__content">
<h2 class="wp-block-heading">Klubbstugan</h2>



<p>Vår fina klubbstuga är öppen och uppvärmd året om. Passar bra för dopfika, släktträff eller andra festligheter.<br>Övervåningen har plats för drygt 60 sittande gäster, wifi och projektor finns och fika kan ordnas om man hyr för konferens.<br>Källaren är nyrenoverad med plats både för dans och en pingismatch. Bastu, fotbollsplan och omklädningsrum är också öppet för bokning</p>



<p></p>
</div></div>



<div class="wp-block-media-text alignwide has-media-on-the-right is-stacked-on-mobile" style="grid-template-columns:auto 46%"><div class="wp-block-media-text__content">
<h2 class="wp-block-heading">Priser</h2>



<p><strong>Medlem Icke medlem</strong><br>Hela stugan dygn<br>800 kr (medlem) 1000 kr (icke medlem)<br>Övervåning dag (möten dopfika mm)<br>400 kr (medlem) 500 kr (icke medlem)<br><br><strong>Städning kan bokas, pris efter överenskommelse</strong>.</p>
</div><figure class="wp-block-media-text__media"><img loading="lazy" decoding="async" width="900" height="537" src="https://www.hallboif.se/wp-content/uploads/2023/01/kallaren.jpg" alt="" class="wp-image-200 size-full" srcset="https://www.hallboif.se/wp-content/uploads/2023/01/kallaren.jpg 900w, https://www.hallboif.se/wp-content/uploads/2023/01/kallaren-300x179.jpg 300w, https://www.hallboif.se/wp-content/uploads/2023/01/kallaren-768x458.jpg 768w" sizes="auto, (max-width: 900px) 100vw, 900px" /></figure></div>



<p></p>



<div class="wp-block-media-text alignwide is-stacked-on-mobile"><figure class="wp-block-media-text__media"><img loading="lazy" decoding="async" width="1024" height="485" src="https://www.hallboif.se/wp-content/uploads/2023/01/isbanan-1-1024x485.jpg" alt="" class="wp-image-124 size-full" srcset="https://www.hallboif.se/wp-content/uploads/2023/01/isbanan-1-1024x485.jpg 1024w, https://www.hallboif.se/wp-content/uploads/2023/01/isbanan-1-300x142.jpg 300w, https://www.hallboif.se/wp-content/uploads/2023/01/isbanan-1-768x364.jpg 768w, https://www.hallboif.se/wp-content/uploads/2023/01/isbanan-1.jpg 1080w" sizes="auto, (max-width: 1024px) 100vw, 1024px" /></figure><div class="wp-block-media-text__content">
<h2 class="wp-block-heading">Isbana</h2>



<p>När vädret tillåter har vi vår isbana uppspolad vintertid. Det finns också belysning så det går också bra att åka på kvällen. </p>
</div></div>



<div class="wp-block-media-text alignwide has-media-on-the-right is-stacked-on-mobile" style="grid-template-columns:auto 45%"><div class="wp-block-media-text__content">
<h2 class="wp-block-heading">Hyra tält och bord</h2>



<p>Vi har två tält 6&#215;10 meter och 3&#215;9 meter samt tio uppfällbara plast bord med plats för ca 8 personer.<br>Priser efter överenskommelse</p>
</div><figure class="wp-block-media-text__media"><img loading="lazy" decoding="async" width="800" height="800" src="https://www.hallboif.se/wp-content/uploads/2023/01/7100914A.jpg" alt="" class="wp-image-133 size-full" srcset="https://www.hallboif.se/wp-content/uploads/2023/01/7100914A.jpg 800w, https://www.hallboif.se/wp-content/uploads/2023/01/7100914A-300x300.jpg 300w, https://www.hallboif.se/wp-content/uploads/2023/01/7100914A-150x150.jpg 150w, https://www.hallboif.se/wp-content/uploads/2023/01/7100914A-768x768.jpg 768w" sizes="auto, (max-width: 800px) 100vw, 800px" /></figure></div>



<div class="wp-block-media-text alignwide is-stacked-on-mobile"><figure class="wp-block-media-text__media"><img loading="lazy" decoding="async" width="600" height="315" src="https://www.hallboif.se/wp-content/uploads/2023/01/planen.jpg" alt="" class="wp-image-134 size-full" srcset="https://www.hallboif.se/wp-content/uploads/2023/01/planen.jpg 600w, https://www.hallboif.se/wp-content/uploads/2023/01/planen-300x158.jpg 300w" sizes="auto, (max-width: 600px) 100vw, 600px" /></figure><div class="wp-block-media-text__content">
<h2 class="wp-block-heading">Fotbollsplan, omklädning och bastu</h2>



<p>Pris efter överenskommelse</p>
</div></div>



<div class="wp-block-columns is-layout-flex wp-container-core-columns-is-layout-9d6595d7 wp-block-columns-is-layout-flex">
<div class="wp-block-column is-layout-flow wp-block-column-is-layout-flow" style="flex-basis:50%">
<h2 class="wp-block-heading">Tvättstuga</h2>



<p>Uppdaterat 15/2 2025<br>Den stora tvättmaskinen som klarar mattvätt är trasig och kommer inte att repareras.<br>&#8221;Vi&#8221; letar efter en ersättnings-maskin, men tills vidare så har vi bara den mindre (5 kilos) maskinen att tillgå.</p>



<p>Om du vet någon som ev. kan ha en ersättnings-maskin så får du gärna höra av dig. Helst via e-post<br>hallboif@gmail.com <br><br>Det finns en mindre tvättmaskin (5 kg)<br>och torktumlare.<br>Möjlighet till torkning både ute och inne.<br>Kom ihåg att boka tid med Jörgen. Alternativt så bokar ni via Bokningsformulär i menyn till höger på sidan. Självklart kan ni fortfarande boka via telefon/SMS, under dagtid alla vardagar (via SMS dygnet runt) så svarar vi så snart som möjligt.<br>Pris 60 kr/h</p>


</div>
</div>

<p>All bokning sker via vår vaktmästare&nbsp;Jörgen Bergsten,&nbsp;telefon 076-028 10 32 (Gärna på dagtid, Måndag &#8211; Fredag 8 &#8211; 17. Annars kan det dröja till dagen efter för svar/besked).Boka själv? Du <a class="more-link" href="https://www.hallboif.se/?page_id=35">Continue Reading &rarr;</a></p>
