{"id":63,"date":"2023-01-02T17:58:40","date_gmt":"2023-01-02T16:58:40","guid":{"rendered":"https:\/\/www.hallboif.se\/?page_id=63"},"modified":"2025-03-10T11:22:15","modified_gmt":"2025-03-10T10:22:15","slug":"styrelsen","status":"publish","type":"page","link":"https:\/\/www.hallboif.se\/?page_id=63","title":{"rendered":"Styrelsen"},"content":{"rendered":"\n<p>\u00c5rsm\u00f6te 2025 l\u00f6rdagen den 23\/3 klockan 15:00 p\u00e5 Stenvallen.<br>Motioner till \u00e5rsm\u00f6tet skickas in till hallboif@gmail.com senast 17\/3<\/p>\n\n\n\n<p>V\u00e5r styrelse best\u00e5r av:<\/p>\n\n\n<div class=\"wp-block-image\">\n<figure class=\"alignright size-full is-resized\"><img loading=\"lazy\" decoding=\"async\" width=\"640\" height=\"352\" src=\"https:\/\/www.hallboif.se\/wp-content\/uploads\/2023\/01\/gavel-g51fed7116_640.jpg\" alt=\"\" class=\"wp-image-64\" style=\"width:331px;height:182px\" srcset=\"https:\/\/www.hallboif.se\/wp-content\/uploads\/2023\/01\/gavel-g51fed7116_640.jpg 640w, https:\/\/www.hallboif.se\/wp-content\/uploads\/2023\/01\/gavel-g51fed7116_640-300x165.jpg 300w\" sizes=\"auto, (max-width: 640px) 100vw, 640px\" \/><\/figure>\n<\/div>\n\n\n<p><strong>Ordf\u00f6rande<\/strong><br>Brita \u00d6stlund \u00c4ng<br><strong>Vice Ordf\u00f6rande<\/strong><br>Linnea \u00d6stlund<br><strong>Sekreterare<\/strong><br>Niklas \u00d6stlund<\/p>\n\n\n\n<p><br><strong>Ledam\u00f6ter<\/strong><br>Jonas K\u00e4ll\u00e4nge Nilsson<br>Peter Jonsson<br>Fredrik Blom<br>Anders Edling<\/p>\n\n\n\n<p><br><strong>Suppleanter<\/strong><br>Alan Hajo<br>Jan-\u00c5ke Blom<\/p>\n\n\n\n<h2 class=\"wp-block-heading\"><a href=\"https:\/\/www.hallboif.se\/wp-content\/uploads\/2023\/01\/Verksamhetsberattelse-2021.pdf\" target=\"_blank\" rel=\"noreferrer noopener\">Verksamhetsber\u00e4ttelse 2021<\/a><\/h2>\n","protected":false},"excerpt":{"rendered":"<p>\u00c5rsm\u00f6te 2025 l\u00f6rdagen den 23\/3 klockan 15:00 p\u00e5 Stenvallen.Motioner till \u00e5rsm\u00f6tet skickas in till hallboif@gmail.com senast 17\/3 V\u00e5r styrelse best\u00e5r av: Ordf\u00f6randeBrita \u00d6stlund \u00c4ngVice Ordf\u00f6randeLinnea \u00d6stlundSekreterareNiklas \u00d6stlund Ledam\u00f6terJonas K\u00e4ll\u00e4nge NilssonPeter <a class=\"more-link\" href=\"https:\/\/www.hallboif.se\/?page_id=63\">Continue Reading &rarr;<\/a><\/p>\n","protected":false},"author":2,"featured_media":0,"parent":0,"menu_order":0,"comment_status":"closed","ping_status":"closed","template":"","meta":{"footnotes":""},"class_list":["post-63","page","type-page","status-publish","hentry"],"jetpack_sharing_enabled":true,"_links":{"self":[{"href":"https:\/\/www.hallboif.se\/index.php?rest_route=\/wp\/v2\/pages\/63","targetHints":{"allow":["GET"]}}],"collection":[{"href":"https:\/\/www.hallboif.se\/index.php?rest_route=\/wp\/v2\/pages"}],"about":[{"href":"https:\/\/www.hallboif.se\/index.php?rest_route=\/wp\/v2\/types\/page"}],"author":[{"embeddable":true,"href":"https:\/\/www.hallboif.se\/index.php?rest_route=\/wp\/v2\/users\/2"}],"replies":[{"embeddable":true,"href":"https:\/\/www.hallboif.se\/index.php?rest_route=%2Fwp%2Fv2%2Fcomments&post=63"}],"version-history":[{"count":8,"href":"https:\/\/www.hallboif.se\/index.php?rest_route=\/wp\/v2\/pages\/63\/revisions"}],"predecessor-version":[{"id":837,"href":"https:\/\/www.hallboif.se\/index.php?rest_route=\/wp\/v2\/pages\/63\/revisions\/837"}],"wp:attachment":[{"href":"https:\/\/www.hallboif.se\/index.php?rest_route=%2Fwp%2Fv2%2Fmedia&parent=63"}],"curies":[{"name":"wp","href":"https:\/\/api.w.org\/{rel}","templated":true}]}}

<p>Årsmöte 2025 lördagen den 23/3 klockan 15:00 på Stenvallen.<br>Motioner till årsmötet skickas in till hallboif@gmail.com senast 17/3</p>



<p>Vår styrelse består av:</p>


<div class="wp-block-image">
<figure class="alignright size-full is-resized"><img loading="lazy" decoding="async" width="640" height="352" src="https://www.hallboif.se/wp-content/uploads/2023/01/gavel-g51fed7116_640.jpg" alt="" class="wp-image-64" style="width:331px;height:182px" srcset="https://www.hallboif.se/wp-content/uploads/2023/01/gavel-g51fed7116_640.jpg 640w, https://www.hallboif.se/wp-content/uploads/2023/01/gavel-g51fed7116_640-300x165.jpg 300w" sizes="auto, (max-width: 640px) 100vw, 640px" /></figure>
</div>


<p><strong>Ordförande</strong><br>Brita Östlund Äng<br><strong>Vice Ordförande</strong><br>Linnea Östlund<br><strong>Sekreterare</strong><br>Niklas Östlund</p>



<p><br><strong>Ledamöter</strong><br>Jonas Källänge Nilsson<br>Peter Jonsson<br>Fredrik Blom<br>Anders Edling</p>



<p><br><strong>Suppleanter</strong><br>Alan Hajo<br>Jan-Åke Blom</p>



<h2 class="wp-block-heading"><a href="https://www.hallboif.se/wp-content/uploads/2023/01/Verksamhetsberattelse-2021.pdf" target="_blank" rel="noreferrer noopener">Verksamhetsberättelse 2021</a></h2>

<p>Årsmöte 2025 lördagen den 23/3 klockan 15:00 på Stenvallen.Motioner till årsmötet skickas in till hallboif@gmail.com senast 17/3 Vår styrelse består av: OrdförandeBrita Östlund ÄngVice OrdförandeLinnea ÖstlundSekreterareNiklas Östlund LedamöterJonas Källänge NilssonPeter <a class="more-link" href="https://www.hallboif.se/?page_id=63">Continue Reading &rarr;</a></p>
